 prime factors of 8461?
8461
List the prime factors of 38493.
3, 7, 13, 47
What are the prime factors of 5870?
2, 5, 587
List the prime factors of 23522.
2, 19, 619
What are the prime factors of 15376?
2, 31
List the prime factors of 121279.
23, 5273
List the prime factors of 1519.
7, 31
What are the prime factors of 9110?
2, 5, 911
List the prime factors of 776.
2, 97
What are the prime factors of 4094?
2, 23, 89
List the prime factors of 32458.
2, 16229
What are the prime factors of 3361?
3361
What are the prime factors of 28448?
2, 7, 127
What are the prime factors of 549?
3, 61
What are the prime factors of 3318?
2, 3, 7, 79
What are the prime factors of 1606?
2, 11, 73
What are the prime factors of 907?
907
List the prime factors of 14838.
2, 3, 2473
What are the prime factors of 255?
3, 5, 17
What are the prime factors of 78844?
2, 23, 857
List the prime factors of 11469.
3, 3823
List the prime factors of 12335.
5, 2467
What are the prime factors of 12860?
2, 5, 643
What are the prime factors of 2326?
2, 1163
What are the prime factors of 7840?
2, 5, 7
What are the prime factors of 587?
587
What are the prime factors of 23672?
2, 11, 269
What are the prime factors of 19879?
103, 193
What are the prime factors of 50329?
50329
What are the prime factors of 5340?
2, 3, 5, 89
List the prime factors of 12011.
12011
What are the prime factors of 77322?
2, 3, 7, 263
What are the prime factors of 865?
5, 173
List the prime factors of 30919.
7, 631
List the prime factors of 2276.
2, 569
What are the prime factors of 5159?
7, 11, 67
List the prime factors of 5974.
2, 29, 103
List the prime factors of 5886.
2, 3, 109
List the prime factors of 6631.
19, 349
What are the prime factors of 27642?
2, 3, 17, 271
List the prime factors of 33111.
3, 13, 283
List the prime factors of 53124.
2, 3, 19, 233
What are the prime factors of 4970?
2, 5, 7, 71
List the prime factors of 1959.
3, 653
List the prime factors of 48463.
48463
List the prime factors of 14116.
2, 3529
List the prime factors of 1533.
3, 7, 73
What are the prime factors of 15957?
3, 197
List the prime factors of 412.
2, 103
List the prime factors of 27738.
2, 3, 23, 67
What are the prime factors of 2700?
2, 3, 5
List the prime factors of 2024.
2, 11, 23
What are the prime factors of 880?
2, 5, 11
What are the prime factors of 10146?
2, 3, 19, 89
List the prime factors of 859.
859
What are the prime factors of 58344?
2, 3, 11, 13, 17
What are the prime factors of 572?
2, 11, 13
What are the prime factors of 32796?
2, 3, 911
What are the prime factors of 262?
2, 131
List the prime factors of 1503.
3, 167
What are the prime factors of 12517?
12517
List the prime factors of 6634.
2, 31, 107
What are the prime factors of 4562?
2, 2281
What are the prime factors of 2121?
3, 7, 101
What are the prime factors of 3287?
19, 173
List the prime factors of 11060.
2, 5, 7, 79
List the prime factors of 1867.
1867
List the prime factors of 53208.
2, 3, 739
List the prime factors of 3370.
2, 5, 337
What are the prime factors of 8449?
7, 17, 71
What are the prime factors of 3704?
2, 463
What are the prime factors of 1298?
2, 11, 59
List the prime factors of 783.
3, 29
What are the prime factors of 6245?
5, 1249
List the prime factors of 86699.
181, 479
What are the prime factors of 4760?
2, 5, 7, 17
List the prime factors of 11725.
5, 7, 67
List the prime factors of 20732.
2, 71, 73
List the prime factors of 4882.
2, 2441
What are the prime factors of 5731?
11, 521
What are the prime factors of 472?
2, 59
List the prime factors of 628.
2, 157
List the prime factors of 12994.
2, 73, 89
What are the prime factors of 2255?
5, 11, 41
List the prime factors of 1986.
2, 3, 331
List the prime factors of 276.
2, 3, 23
What are the prime factors of 882?
2, 3, 7
List the prime factors of 2908.
2, 727
List the prime factors of 615.
3, 5, 41
List the prime factors of 22122.
2, 3, 1229
List the prime factors of 10461.
3, 11, 317
List the prime factors of 443.
443
List the prime factors of 61840.
2, 5, 773
List the prime factors of 491.
491
List the prime factors of 19927.
19927
List the prime factors of 30489.
3, 10163
List the prime factors of 1123.
1123
What are the prime factors of 975?
3, 5, 13
What are the prime factors of 1909?
23, 83
List the prime factors of 2295.
3, 5, 17
What are the prime factors of 3601?
13, 277
What are the prime factors of 35606?
2, 19, 937
What are the prime factors of 8431?
8431
What are the prime factors of 1446?
2, 3, 241
What are the prime factors of 757?
757
List the prime factors of 2991.
3, 997
What are the prime factors of 3615?
3, 5, 241
What are the prime factors of 9081?
3, 1009
What are the prime factors of 16459?
109, 151
What are the prime factors of 5063?
61, 83
What are the prime factors of 2124?
2, 3, 59
What are the prime factors of 93902?
2, 29, 1619
List the prime factors of 31575.
3, 5, 421
What are the prime factors of 2453?
11, 223
List the prime factors of 2410.
2, 5, 241
List the prime factors of 1552.
2, 97
List the prime factors of 10972.
2, 13, 211
List the prime factors of 1259.
1259
List the prime factors of 1214.
2, 607
List the prime factors of 25580.
2, 5, 1279
List the prime factors of 13037.
13037
What are the prime factors of 4899?
3, 23, 71
List the prime factors of 1378.
2, 13, 53
What are the prime factors of 23898?
2, 3, 7, 569
List the prime factors of 174515.
5, 11, 19, 167
What are the prime factors of 6081?
3, 2027
List the prime factors of 956.
2, 239
List the prime factors of 460.
2, 5, 23
List the prime factors of 29663.
29663
What are the prime factors of 199112?
2, 24889
List the prime factors of 136927.
7, 31, 631
What are the prime factors of 9578?
2, 4789
List the prime factors of 283.
283
List the prime factors of 1316.
2, 7, 47
List the prime factors of 24444.
2, 3, 7, 97
What are the prime factors of 169558?
2, 17, 4987
What are the prime factors of 9489?
3, 3163
What are the prime factors of 1032?
2, 3, 43
List the prime factors of 28213.
89, 317
What are the prime factors of 1800?
2, 3, 5
List the prime factors of 2724.
2, 3, 227
What are the prime factors of 19002?
2, 3, 3167
What are the prime factors of 2920?
2, 5, 73
List the prime factors of 45259.
45259
List the prime factors of 20091.
3, 37, 181
List the prime factors of 3632.
2, 227
What are the prime factors of 2073?
3, 691
What are the prime factors of 334?
2, 167
What are the prime factors of 17915?
5, 3583
List the prime factors of 6114.
2, 3, 1019
What are the prime factors of 1043?
7, 149
What are the prime factors of 8381?
17, 29
List the prime factors of 18433.
18433
List the prime factors of 343.
7
List the prime factors of 12682.
2, 17, 373
List the prime factors of 22616.
2, 11, 257
What are the prime factors of 2705?
5, 541
What are the prime factors of 4088?
2, 7, 73
What are the prime factors of 4365?
3, 5, 97
List the prime factors of 742.
2, 7, 53
List the prime factors of 75974.
2, 37987
List the prime factors of 7681.
7681
List the prime factors of 98248.
2, 12281
List the prime factors of 6616.
2, 827
What are the prime factors of 747?
3, 83
List the prime factors of 32544.
2, 3, 113
List the prime factors of 176.
2, 11
List the prime factors of 14714.
2, 7, 1051
What are the prime factors of 4235?
5, 7, 11
What are the prime factors of 5608?
2, 701
List the prime factors of 2727.
3, 101
What are the prime factors of 77045?
5, 19, 811
What are the prime factors of 403?
13, 31
What are the prime factors of 1699?
1699
What are the prime factors of 4914?
2, 3, 7, 13
What are the prime factors of 61701?
3, 131, 157
List the prime factors of 23075.
5, 13, 71
List the prime factors of 178173.
3, 6599
List the prime factors of 73197.
3, 2711
What are the prime factors of 8?
2
What are the prime factors of 1037?
17, 61
List the prime factors of 30046.
2, 83, 181
What are the prime factors of 15297?
3, 5099
What are the prime factors of 1895?
5, 379
List the prime factors of 28918.
2, 19, 761
What are the prime factors of 3829?
7, 547
List the prime factors of 1390.
2, 5, 139
List the prime factors of 118295.
5, 59, 401
List the prime factors of 4470.
2, 3, 5, 149
What are the prime factors of 9529?
13, 733
What are the prime factors of 8604?
2, 3, 239
What are t